 digit of k?
0
Suppose 0 = 3*o + 3*y + 21, -2*o = -0*y + 4*y + 16. Let b = 4 + o. What is the units digit of b/(-4) + 9/6?
2
Let i = 6 - -4. Let v = 16 + i. What is the tens digit of v?
2
Let a = 68 + -119. What is the tens digit of 3 + a/(-3) + 1?
2
Suppose 8*g - 20 = 836. What is the units digit of g?
7
Suppose -4*h - 8 = -4*j, 3*h = h. Let i(m) = 7 - 2*m - j*m + 3*m. What is the units digit of i(4)?
3
Let d be 77/(-22) - 1/(-2). Let u(y) = y**3 + 3*y**2 - y + 1. What is the units digit of u(d)?
4
Suppose 104 = h + 34. What is the tens digit of h?
7
What is the units digit of (39*1*-1)/(51/(-34))?
6
Suppose 3*n - 3090 = -12*n. What is the tens digit of n?
0
Let v be (-8)/((-2 - 2)/2). What is the tens digit of v/(-2 + 14/6)?
1
Let l(r) = r**2 - r + 2. Let j be l(2). Let t = 3 - j. What is the units digit of ((-20)/(-6))/(t/(-3))?
0
Let x = -6 - -12. Let q(y) = -y**2 + 8*y - 4. What is the units digit of q(x)?
8
Suppose 0 = 3*l - 3, -3*n - 4*l = -n - 16. Let j = 9 - n. What is the units digit of j?
3
Suppose -15 = -4*w + 73. What is the units digit of w?
2
Let t(n) = -3*n + 1. Let h(a) = a - 20. Let s be h(14). What is the tens digit of t(s)?
1
Let u(z) = z**2 + z + 2. Let g be u(0). Suppose 0 = 5*n + 3*b - 98, n + 5*b + 42 = g*n. What is the tens digit of n?
2
What is the hundreds digit of 1/4 - 7515/(-36)?
2
Let v = 8 + -3. Suppose -2*x + 6*x - 19 = -v*w, 4*x = -4*w + 20. What is the units digit of x?
6
Suppose 1 = -c - 2, -5*k - 4*c = -18. Let i(q) = 5*q - 5. Let f(a) = 6*a - 5. Let b(l) = -3*f(l) + 4*i(l). What is the units digit of b(k)?
7
Suppose -2*m + 6 = 4*f - f, 2*m - 6 = 0. Suppose -3*a + 30 + 33 = f. What is the units digit of a?
1
Let a(v) be the third derivative of -v**4/24 + 2*v**3/3 - 2*v**2. Let f be a(6). What is the units digit of (0 - f)/(1/4)?
8
Let v(c) = -c**2 - 13*c + 12. What is the tens digit of v(-9)?
4
Suppose -4*p + 5 + 11 = 0. Let t be 100/45 + p/(-18). Suppose 3 = t*j - 15. What is the units digit of j?
9
Let s be (-4)/26 + 152/(-26). Let q = 15 + s. What is the units digit of q?
9
Suppose 46 = l - 6*l + 4*v, -4 = 2*l + 2*v. Let u = 4 + -7. What is the units digit of -12*(u - 15/l)?
6
Let i = -4 - -8. Suppose -5*r + 0*r - 5*h = 25, -2 = 4*r - 5*h. Let n = r + i. What is the units digit of n?
1
Let f = -11 - -19. Let k be (-4)/f + 2/4. What is the units digit of (k - -1)*-2 + 7?
5
Suppose -x + 208 = x. What is the hundreds digit of x?
1
Suppose -3*i - 59 = -14. Let c be (-66)/i + 4/(-10). Suppose 24 = 3*u - n, c*u = 2*n - 4*n + 32. What is the units digit of u?
8
Suppose q - t = 8, 12 = 5*q - 4*t - 23. What is the units digit of q?
3
Suppose -5*n + 2*v + 290 = 0, -4*v = 2*n - 3*n + 40. Let f = n + -40. What is the tens digit of f?
2
Let r(c) = c**3 - 3*c + 3. Let k be r(2). Suppose -3*n + 113 = 2*n + g, k*g + 33 = n. What is the tens digit of n?
2
Let c(x) = -x**3 - 10*x**2 - 2*x + 8. What is the tens digit of c(-10)?
2
Suppose -4 = -4*v + 2*v. Suppose -y = -v - 2. Suppose -y*c = -c - 9. What is the units digit of c?
3
Suppose 0*m - 24 = -3*m. Let d = -16 - -22. Let g = m - d. What is the units digit of g?
2
Let k be ((-153)/6)/(6/(-8)). Suppose -5*r = 2*m - 13 - k, -4*m + 4*r = -24. Suppose 2*c = 3*c - m. What is the tens digit of c?
1
Suppose -5*y = 20, -3*j - j = -2*y - 24. Suppose 5*c - 2*w - 120 = 3*w, -4*c + 76 = w. Suppose c = j*t + t. What is the units digit of t?
4
Let l(z) = -4 - z + 5*z + 8. Let k be l(5). Suppose c = 3*v + 20, 4*c + v + v = k. What is the units digit of c?
8
Suppose -4*k - 2*z = -0*k + 8, -3*k = -3*z - 12. Suppose k = -2*q + 10, 3*q - 9 = -4*j + 22. What is the units digit of j?
4
Let v be (-6)/(-1) + -1 + 0. Let l = 24 - v. What is the tens digit of l?
1
Let r(c) = -16*c - 6. What is the units digit of r(-2)?
6
What is the units digit of ((-48)/20)/(3/(-10))?
8
Suppose 10*p = 11*p - 11. What is the units digit of p?
1
Let p(y) = 5*y - 4. Let a(b) = 4*b - 3. Let c(g) = 4*a(g) - 3*p(g). Let o be (-5)/15 - 32/(-6). What is the units digit of c(o)?
5
Suppose -4*q + 3*t + 43 = -134, -4*q = -4*t - 176. What is the tens digit of q?
4
Let j be -1 - ((-3)/(-3) + -6). Suppose 2*u + 1 = -k, -k + 6*u + 3 = j*u. Let p(l) = 9*l**3 - 2*l**2 + 2*l - 1. What is the units digit of p(k)?
8
Let q(k) = k**3 - 9*k**2 + k - 7. Let r be q(9). Suppose 2*m + 72 = r*w - 8, 4*w - 160 = -2*m. What is the units digit of w?
0
Let t = -124 + 175. What is the units digit of t?
1
Suppose 3*h = y + 15, 0*h + 2*h + 3*y = -1. What is the units digit of h?
4
Suppose -g + 8 = 3*g. Let j = -5 - -10. What is the units digit of (g*-2)/(j/(-5))?
4
Let m(o) = -70*o**3 + o**2 + o - 1. What is the tens digit of m(-1)?
6
Let o(z) = -z - 4. Let y be o(5). Let s = 45 + -30. Let p = s + y. What is the units digit of p?
6
Let o = -4 + 6. Let r be 8/36 - (-2)/(-9). Let m = o + r. What is the units digit of m?
2
Suppose -18*w + 20*w - 144 = 0. What is the tens digit of w?
7
Let k(s) = 3*s**3 - 2*s + 0*s + 3*s - 2*s**2. Let i be k(1). Suppose y = 4*c - 25, -3 = -c + i*y - 2. What is the units digit of c?
7
Let n = 147 + -84. Suppose 4*v - n = v. What is the units digit of v?
1
Suppose 4*a - 176 = 604. What is the units digit of a?
5
Let b(w) = 13*w**3 + 33*w**2 - 16*w + 41. Let q(z) = 3*z**3 + 8*z**2 - 4*z + 10. Let m(o) = -2*b(o) + 9*q(o). What is the tens digit of m(-6)?
3
Suppose k + 5 = 2*h + 1, 16 = 3*h - 4*k. Suppose 4*b - b = h. What is the units digit of (3 - b)/(18/60)?
0
Suppose 3*j = 2*s + 780, 12*j - 10*j = -s + 520. What is the hundreds digit of j?
2
Let g = -2 - -7. Suppose 2*r - 50 = -4*m + 4*r, g*m - 2*r - 61 = 0. What is the units digit of m?
1
Suppose 0*c - 3*c + 15 = 0, -5*y + 5*c - 25 = 0. Suppose y*g - 130 = -5*g. What is the tens digit of g?
2
Let z be 2*(-3 + 2)*2. Let g(s) = s + 6. Let n be g(z). Suppose c + 1 = n*c. What is the units digit of c?
1
Let t = -8 + 19. Let n = 2 - t. What is the units digit of (-6)/n*9/6?
1
Let q = 962 + -585. What is the hundreds digit of q?
3
Suppose -f + 362 = 3*j, -4*j - 2*f + f + 481 = 0. What is the units digit of j?
9
Let n(c) = c**2 + 10*c + 10. Let l be n(-8). Let k be ((-12)/5)/(l/135). Let j = -36 + k. What is the tens digit of j?
1
Let u(w) = -w**3 + 8*w**2 - 11*w - 4. Let y be u(6). Suppose 32 = o + y*o - 2*z, -3*z = -5*o + 55. What is the units digit of o?
4
Let n(a) = a**3 + 3*a + 4. Let l(s) = -2*s**3 - 6*s - 9. Let f(z) = -2*l(z) - 5*n(z). What is the tens digit of f(-2)?
1
Suppose 0 = -c - 0*c + 33. What is the tens digit of c?
3
Let s be 17 - 4/(-2) - 3. Suppose 5*x - 4*w - s = -w, 3*w = 9. Let f = 9 - x. What is the units digit of f?
4
What is the tens digit of (2/(-4))/((-11)/660)?
3
Let p = -13 - -18. Let b(s) = s**3 + 3*s**2 + s - 1. Let m be b(-3). Let c = p - m. What is the units digit of c?
9
Let t(c) = 2*c + 1. Suppose 4*i = 2 + 6. Let f be t(i). Suppose 5*p - 4*p = -f*x + 37, 4*x - 4*p - 20 = 0. What is the units digit of x?
7
Suppose 3*p + 10 = 2*p. Let v be 174/p + (-12)/(-30). Let u = 28 + v. What is the units digit of u?
1
Suppose 4*i - 12 = -0*i. Suppose 264 = i*d + 90. What is the units digit of d?
8
Suppose -17 - 3 = -2*r. Suppose 3 - 13 = -5*h + g, -r = -5*h - 3*g. Suppose i = 8 - h. What is the units digit of i?
6
Let k(f) = -13*f - 14. What is the units digit of k(-11)?
9
Let b = 1 + 2. Suppose -k - h - 33 = 0, h + 151 = -5*k + b*h. Let n = k + 47. What is the tens digit of n?
1
Suppose 19 = 3*o - 0*o - 2*a, -3*a = o + 12. Suppose o*q - 11 = 49. Suppose 3*f - 4 = q. What is the units digit of f?
8
Suppose -176 = -2*a - 4*l, 5*l = -5*a + 2*a + 268. What is the units digit of a?
6
Suppose -50*b + 54*b = 972. What is the tens digit of b?
4
Let g be 4 + (-22)/(2/(-1)). Suppose -h + 0*h - 8 = 0. Let n = g + h. What is the units digit of n?
7
Suppose -3 + 12 = -3*z. Let q(f) = -f**2 + f + 1. Let a be q(0). What is the units digit of (a/z)/(2/(-6))?
1
Let l(z) = z + 4. Let f be l(4). Suppose 0 = -3*r + 7*r - f. Suppose 6 = 2*b - r*k, 0*b - 3*k = 2*b - 31. What is the units digit of b?
8
Suppose 2*b + 5 = 7. What is the units digit of b*2*(-9)/(-2)?
9
Suppose -20 = 3*o + 5*d, 3 = 4*o + 3*d + 15. Suppose o = -l - 5*m + 9, -3*l + 2*l + 4*m = 0. What is the units digit of l?
4
Suppose 0 = 5*q - q - 2*o, -5*o + 5 = -5*q. Let c be 1*(-1 - 0)*q. What is t